t common factor of 12959185 and 15?
5
Calculate the highest common factor of 695693427 and 254.
127
What is the greatest common factor of 2336271 and 966?
483
What is the highest common factor of 375286287 and 77733?
8637
What is the greatest common factor of 220194 and 402948?
234
Calculate the greatest common factor of 1145376 and 96.
96
Calculate the highest common factor of 530315 and 2873.
17
Calculate the highest common divisor of 5478079 and 107.
107
Calculate the highest common factor of 586 and 45882.
2
Calculate the highest common factor of 33614 and 97197282.
4802
What is the highest common divisor of 1323 and 11013273?
27
Calculate the greatest common divisor of 39579 and 9495453.
501
Calculate the highest common factor of 156 and 2895960.
12
Calculate the greatest common divisor of 33644 and 373204.
52
Calculate the greatest common factor of 122390382 and 174.
174
What is the greatest common factor of 17536 and 1200000?
128
Calculate the greatest common factor of 21868 and 774802.
14
What is the highest common divisor of 71515969 and 63?
7
Calculate the greatest common divisor of 26331636 and 1257.
1257
Calculate the highest common factor of 41184914 and 174233.
4709
What is the greatest common factor of 11666 and 352526?
38
What is the highest common factor of 177579 and 2943?
27
What is the highest common divisor of 68788268 and 7876?
716
What is the greatest common factor of 133055970 and 30?
30
What is the greatest common factor of 114560457 and 24?
3
What is the highest common divisor of 276156 and 1835926?
5114
Calculate the greatest common divisor of 6793563 and 7.
7
Calculate the highest common divisor of 210023 and 8184011.
3443
Calculate the highest common divisor of 33305520 and 73.
73
What is the highest common divisor of 106 and 1062985967?
53
Calculate the greatest common factor of 144633 and 468309.
111
Calculate the greatest common factor of 60284 and 1073828.
28
What is the greatest common divisor of 13260 and 1429955?
85
What is the greatest common factor of 3246 and 1404?
6
Calculate the highest common divisor of 198930 and 1401630.
570
What is the greatest common divisor of 4011552 and 23328?
864
Calculate the greatest common divisor of 353 and 152.
1
What is the greatest common factor of 7378832 and 80?
16
What is the highest common divisor of 8375 and 5164025?
1675
What is the greatest common factor of 641851 and 14357?
49
What is the highest common factor of 368 and 88148?
4
What is the highest common factor of 29494265 and 10?
5
What is the greatest common factor of 1055 and 1126415?
5
What is the greatest common factor of 112629696 and 10728?
3576
Calculate the greatest common divisor of 65936 and 87568.
208
What is the highest common divisor of 10552584 and 4416?
552
Calculate the greatest common divisor of 4584 and 326794506.
1146
Calculate the greatest common divisor of 19584 and 1776942.
306
Calculate the greatest common divisor of 114759 and 11439.
369
Calculate the highest common factor of 23452 and 905034.
1066
Calculate the greatest common divisor of 1323 and 252045.
27
What is the greatest common divisor of 715644 and 80752?
412
What is the highest common factor of 38848 and 20549378?
1214
What is the highest common divisor of 900 and 12104460?
180
What is the greatest common factor of 13434264 and 2448?
72
What is the highest common divisor of 1872 and 4266392?
104
Calculate the greatest common divisor of 1013014360 and 24.
8
What is the highest common divisor of 170 and 141940310?
170
What is the greatest common factor of 194562 and 2538?
54
What is the highest common factor of 62 and 516085520?
62
Calculate the highest common divisor of 9369985 and 11893.
1699
Calculate the greatest common factor of 220629 and 16173.
3
Calculate the highest common factor of 7100 and 1027375.
25
Calculate the highest common factor of 264 and 4356165.
33
Calculate the highest common divisor of 1883 and 3125242.
269
What is the highest common factor of 238994962 and 20756?
10378
Calculate the greatest common divisor of 4750 and 2083920.
190
Calculate the greatest common factor of 74472 and 230952.
24
What is the greatest common factor of 132015924 and 824?
412
What is the greatest common divisor of 22359140 and 55040?
860
What is the greatest common divisor of 3380 and 7968220?
260
Calculate the highest common factor of 7136944 and 3968.
496
What is the greatest common divisor of 3741 and 584118?
87
What is the greatest common factor of 58330 and 315970?
190
What is the greatest common divisor of 952 and 3503696?
56
What is the highest common factor of 26842 and 5766?
2
Calculate the highest common divisor of 1843 and 33496525.
1843
Calculate the highest common factor of 1368 and 2952.
72
What is the greatest common factor of 4218166 and 1334?
58
What is the greatest common divisor of 19397166 and 1236?
618
Calculate the highest common divisor of 128610 and 20430.
90
Calculate the greatest common factor of 4654602 and 46.
46
Calculate the highest common divisor of 634513 and 333.
37
What is the greatest common factor of 411062 and 85605848?
8746
What is the greatest common factor of 12 and 38279316?
12
What is the greatest common factor of 152 and 2029856?
8
Calculate the greatest common divisor of 1830158 and 2029.
2029
Calculate the greatest common divisor of 140790 and 852306.
78
Calculate the highest common divisor of 142170 and 159810.
210
What is the greatest common divisor of 8000 and 78932800?
1600
Calculate the greatest common divisor of 42186448 and 4.
4
Calculate the highest common divisor of 81623 and 76477.
31
What is the greatest common factor of 104 and 9319414?
26
Calculate the highest common factor of 140836 and 101380.
548
Calculate the greatest common divisor of 316166279 and 74711.
10673
What is the greatest common factor of 24694068 and 29204?
4172
What is the highest common factor of 704850 and 119253?
381
Calculate the highest common divisor of 39404240 and 152660.
8980
What is the greatest common factor of 119 and 1343482?
7
Calculate the highest common divisor of 246986 and 10.
2
Calculate the greatest common factor of 252339 and 1305033.
699
What is the greatest common divisor of 303 and 298990603?
101
What is the highest common divisor of 46527240 and 960?
120
What is the highest common divisor of 48 and 10917136?
16
Calculate the greatest common factor of 514662536 and 5336.
5336
Calculate the highest common factor of 1148 and 6572587.
287
What is the highest common divisor of 10761896 and 1988?
284
Calculate the greatest common factor of 1258788 and 60.
12
What is the greatest common divisor of 121218 and 15?
3
What is the highest common divisor of 56701875 and 1875?
1875
Calculate the highest common factor of 90009 and 13700.
137
What is the greatest common factor of 1245 and 389113130?
415
Calculate the greatest common divisor of 721143 and 22518.
81
What is the highest common divisor of 91223573 and 9457?
1351
What is the highest common factor of 324 and 3251?
1
What is the highest common divisor of 1203096 and 152?
8
What is the greatest common factor of 376545 and 1635?
15
What is the highest common divisor of 79468224 and 264?
264
What is the highest common divisor of 113643 and 115?
23
Calculate the greatest common factor of 79885 and 4513015.
65
What is the greatest common divisor of 2176555 and 2572?
643
What is the highest common factor of 31888 and 620944?
16
Calculate the greatest common divisor of 89 and 2890275.
89
What is the highest common factor of 441 and 2120034?
147
What is the greatest common factor of 106000 and 2948390?
530
Calculate the highest common factor of 3029217 and 24.
3
What is the greatest common divisor of 1026605 and 9545?
115
Calculate the greatest common divisor of 3312327 and 15.
3
What is the greatest common divisor of 3319184 and 8152?
8
Calculate the highest common divisor of 795 and 2038620.
15
Calculate the highest common factor of 123465 and 58515.
15
Calculate the highest common factor of 81507691 and 113.
113
What is the highest common factor of 8 and 1731996?
4
Calculate the highest common divisor of 1584 and 1860576.
48
Calculate the highest common divisor of 23664 and 1123802.
34
What is the greatest common divisor of 726470658 and